{"id":17,"date":"2010-09-17T19:21:20","date_gmt":"2010-09-17T19:21:20","guid":{"rendered":"http:\/\/www.larsandersjohansson.se\/wordpress\/?page_id=17"},"modified":"2010-10-10T14:35:26","modified_gmt":"2010-10-10T14:35:26","slug":"erikaxelkarlfeldt","status":"publish","type":"page","link":"https:\/\/www.larsandersjohansson.se\/?page_id=17","title":{"rendered":"Erik Axel Karlfeldt"},"content":{"rendered":"<h1>Erik Axel Karlfeldt<\/h1>\n<p><em>Jag \u00e4r den siste, trogne trubaduren<br \/> som h\u00f6jer s\u00e5ng i dina \u00f6de salar,<br \/> n\u00e4r bortom bleka kullar h\u00f6stsol dalar<br \/> och stormen bl\u00e5ser i den hesa luren.<\/em><br \/> <strong>(Ur \u201dBekransa mig!\u201d fr\u00e5n Vildmarks- och k\u00e4rleksvisor 1895)<\/strong><\/p>\n<p><img decoding=\"async\" loading=\"lazy\" class=\"alignleft\" src=\"https:\/\/www.larsandersjohansson.se\/wordpress\/wp-content\/uploads\/bilder\/ifridolinsspar.jpg\" alt=\"fridolin\" width=\"250\" height=\"223\" \/>2008 sl\u00e4ppte Lars Anders Johansson tillsammans med skivbolaget Hemlandss\u00e5nger och Karlfeldtsamfundet skivan \u201dI Fridolins sp\u00e5r\u201d med 13 tons\u00e4ttningar av Erik Axel Karlfeldts dikter. Tons\u00e4ttningarna str\u00e4var att s\u00e4tta ber\u00e4ttelserna i fokus samt att \u00e5terf\u00f6ra dikterna till den folkliga vistradition som inte minst Karlfeldts tidiga diktproduktion \u00e4r sprungen ur.<\/p>\n<p>&nbsp;<\/p>\n<p>&nbsp;<\/p>\n<p>&nbsp;<\/p>\n<p><img decoding=\"async\" loading=\"lazy\" class=\"alignright\" title=\"Erik Axel Karlfeldt\" src=\"https:\/\/www.larsandersjohansson.se\/karlfeldt\/karlfeldt_mindre.jpg\" alt=\"Erik Axel Karlfeldt\" width=\"153\" height=\"300\" \/><\/p>\n<p>Erik Axel Karlfeldt (1864-1931) har kallats f\u00f6r Sveriges siste nationalskald, och som en s\u00e5dan hyllades han vid sin d\u00f6d 1931 med en enorm procession genom Stockholm, av ett slag som annars brukar f\u00f6rbeh\u00e5llas kungligheter. Trots ett djupsinnigt och l\u00e4rt och stundtals sv\u00e5rbegripligt spr\u00e5k n\u00e5dde Karlfeldts dikter en enorm folklig popularitet som ingen svensk diktare efter honom kommit att tangera. Under andra halvan av 1900-talet kom han att hamna i skymundan till f\u00f6ljd av modernismens f\u00f6rakt f\u00f6r bunden poesi och motvilja mot framg\u00e5ng i livet. Karlfeldt satt n\u00e4mligen som st\u00e4ndig sekreterare i Svenska Akademien fr\u00e5n och med 1913. Efter sin d\u00f6d f\u00f6r\u00e4rades han \u00e4ven det litter\u00e4ra nobelpriset.<\/p>\n<p>Karlfeldt skaldade om ett bondesamh\u00e4lle vars tusen\u00e5riga levnadsf\u00f6rh\u00e5llanden h\u00f6ll p\u00e5 att tr\u00e4ngas bort av den tilltagande industrialiseringen och urbaniseringen, men ocks\u00e5 om tidl\u00f6sa och allm\u00e4nm\u00e4nskliga \u00e4mnen som k\u00e4rlek och r\u00e4dsla f\u00f6r \u00e5ldrandet och d\u00f6den. Inte minst \u00e4r Karlfeldt en av v\u00e5ra mest sensuella och erotiska diktare.<\/p>\n<p>Urvalet av dikter \u00e4r gjort f\u00f6r att spegla b\u00e5de det vekt romantiska och naturlyriska draget hos Karlfeldt som hans burleskt humoristiska och utmanande erotiska \u00e5dra. Tanken \u00e4r att visa att Karlfeldts diktning ingalunda \u00e4r pass\u00e9, varken till formen eller inneh\u00e5llet utan snarast h\u00f6gaktuell \u00e4ven f\u00f6r en modern vispublik.<\/p>\n<p><a title=\"Hemlandss\u00e5nger\" href=\"http:\/\/www.hemlandssanger.se\">Karlfeldtsamfundet<br \/> Hemlandss\u00e5nger<\/a><\/p>\n<h2>R\u00f6ster om I Fridolins sp\u00e5r:<\/h2>\n<blockquote>\n<div>\nJohanssons melodi\u00f6sa egna tons\u00e4ttningar och folkmusikk\u00e4nslan passar Karlfeldts dikter perfekt. Det \u00e5lderdomliga spr\u00e5ket och bilderna kommer till liv, kvaliteterna hos EAK g\u00f6rs l\u00e4ttillg\u00e4ngliga f\u00f6r den som \u00e4r van vid s\u00e5ng, men otr\u00e4nad p\u00e5 poesil\u00e4sning. Hos Karlfeldt g\u00e5r det h\u00f6gst\u00e4mda och l\u00e4rda arm i arm med det jordn\u00e4ra, och storslaget fantasifulla ber\u00e4ttelser avl\u00f6ser gamla dr\u00e4ngars livs\u00f6den. Herr nobelpristagaren var inte heller fr\u00e4mmande f\u00f6r naturlyrik och hans f\u00e4rgstarka spr\u00e5kbehandling st\u00e5r emot tidens tand.<\/p>\n<p>Lars Anders Johansson s\u00e5ng lever verkligen; ofta vacker, men det \u00e4r inget sj\u00e4lv\u00e4ndam\u00e5l. Johansson anv\u00e4nder mycket energi och temperament och kan variera fraseringen inom en och samma textrad. En imponerande satsning.<\/p><\/div>\n<p class=\"bqauthor\">&#8211; Alexander Agrell, Sydsvenska Dagbladet 08-04-23<\/p>\n<\/blockquote>\n<blockquote>\n<div>\n<p>Att som spr\u00e5k- och visintresserad hitta fram till Erik Axel Karlfeldt \u00e4r d\u00e4rf\u00f6r ganska logiskt. Och nu har han gett sig p\u00e5 att tons\u00e4tta dikter av nationalskalden och g\u00f6r det med all heder med ungef\u00e4r samma musikaliska, folkligt arrade, tonspr\u00e5k som han anv\u00e4nde p\u00e5 solodebuten. Mestadels lyfter tons\u00e4ttningarna effektivt fram Karlfeldt-texternas ofta inneboende rytmik och musikalitet.<\/p><\/div>\n<p class=\"bqauthor\">&#8211; Sune Liljevall, Arbetarbladet 08-04-17<\/p>\n<\/blockquote>\n<blockquote>\n<div>\n<p>Vilken fart och fl\u00e4kt det \u00e4r \u00f6ver dessa tolkningar som ges ut av skivbolaget Hemlandss\u00e5nger med st\u00f6d av Karlfeldtsamfundet (nummer 40 i samfundets skriftserie). Johansson har sj\u00e4lv tonsatt dikterna och det melodiska f\u00f6renas med starka rytmer. Kompet \u00e4r p\u00e5tagligt och starkt. Visan m\u00f6ter popen och Karlfeldt rockar fett! <\/p>\n<p>Johanssons st\u00e4mma \u00e4r synnerligen v\u00e4lartikulerad och g\u00f6r skaldens lyrik r\u00e4ttvisa. Man h\u00f6r varje stavelse, bara i undantagsfall har s\u00e5ngaren \u00e4ndrat, och d\u00e5 bara lite i texten. Jag \u00e4r helt begeistrad<\/p><\/div>\n<p class=\"bqauthor\">&#8211; Bj\u00f6rn Widegren, Gefle Dagblad 08-04-23<\/p>\n<\/blockquote>\n<div class=\"litentext\">(M\u00e5lningen \u00e4r gjord av Johan Axel Gabriel Acke (1859 &#8211; 1924) och \u00e4gs av Nationalmus\u00e9um)<\/div>\n<p>Karlfeldt finns p\u00e5 Facebook!<br \/>\n<iframe src=\"http:\/\/www.facebook.com\/plugins\/likebox.php?href=http%3A%2F%2Fwww.facebook.com%2Ferikaxelkarlfeldt&amp;width=300&amp;connections=0&amp;stream=false&amp;header=false&amp;height=65\" scrolling=\"no\" frameborder=\"0\" style=\"border:none; overflow:hidden; width:300px; height:65px;\" allowTransparency=\"true\"><\/iframe><\/p>\n","protected":false},"excerpt":{"rendered":"<p>Erik Axel Karlfeldt Jag \u00e4r den siste, trogne trubaduren som h\u00f6jer s\u00e5ng i dina \u00f6de salar, n\u00e4r bortom bleka kullar h\u00f6stsol dalar och stormen bl\u00e5ser i den hesa luren. (Ur[&#8230;]<\/p>\n","protected":false},"author":1,"featured_media":0,"parent":0,"menu_order":0,"comment_status":"closed","ping_status":"closed","template":"onecolumn-page.php","meta":{"ngg_post_thumbnail":0},"_links":{"self":[{"href":"https:\/\/www.larsandersjohansson.se\/index.php?rest_route=\/wp\/v2\/pages\/17"}],"collection":[{"href":"https:\/\/www.larsandersjohansson.se\/index.php?rest_route=\/wp\/v2\/pages"}],"about":[{"href":"https:\/\/www.larsandersjohansson.se\/index.php?rest_route=\/wp\/v2\/types\/page"}],"author":[{"embeddable":true,"href":"https:\/\/www.larsandersjohansson.se\/index.php?rest_route=\/wp\/v2\/users\/1"}],"replies":[{"embeddable":true,"href":"https:\/\/www.larsandersjohansson.se\/index.php?rest_route=%2Fwp%2Fv2%2Fcomments&post=17"}],"version-history":[{"count":46,"href":"https:\/\/www.larsandersjohansson.se\/index.php?rest_route=\/wp\/v2\/pages\/17\/revisions"}],"predecessor-version":[{"id":460,"href":"https:\/\/www.larsandersjohansson.se\/index.php?rest_route=\/wp\/v2\/pages\/17\/revisions\/460"}],"wp:attachment":[{"href":"https:\/\/www.larsandersjohansson.se\/index.php?rest_route=%2Fwp%2Fv2%2Fmedia&parent=17"}],"curies":[{"name":"wp","href":"https:\/\/api.w.org\/{rel}","templated":true}]}}