{"id":25,"date":"2010-09-17T19:29:37","date_gmt":"2010-09-17T19:29:37","guid":{"rendered":"http:\/\/www.larsandersjohansson.se\/wordpress\/?page_id=25"},"modified":"2013-06-26T15:22:46","modified_gmt":"2013-06-26T13:22:46","slug":"skribent","status":"publish","type":"page","link":"https:\/\/www.larsandersjohansson.se\/?page_id=25","title":{"rendered":"Skribent"},"content":{"rendered":"<h1>Skribent<\/h1>\n<p><img decoding=\"async\" class=\"alignright\" alt=\"Shark\" src=\"https:\/\/www.larsandersjohansson.se\/wordpress\/wp-content\/uploads\/bilder\/shark-t.png\" \/> <\/p>\n<p><a class=\"thickbox\" title=\"Den kalla arkitekturen\" href=\"https:\/\/www.larsandersjohansson.se\/texter\/skribent_kalla.htm?keepThis=true&amp;TB_iframe=true&amp;height=450&amp;width=500\">Den kalla arkitekturen<\/a><br \/> Publicerad hos <a onclick=\"window.open(this.href);return false\" href=\"http:\/\/www.axess.se\/magasin\/default.aspx?article=1716\">Axess Magasin<\/a> 2013<\/p>\n<p><a class=\"thickbox\" title=\"Frihet och framsteg\" href=\"https:\/\/www.larsandersjohansson.se\/texter\/skribent_frihetframsteg.htm?keepThis=true&amp;TB_iframe=true&amp;height=450&amp;width=500\">Frihet och framsteg<\/a><br \/> Publicerad hos <a onclick=\"window.open(this.href);return false\" href=\"http:\/\/www.svensktidskrift.se\/?p=48044\">Svensk Tidskrift<\/a> November 2012<\/p>\n<p><a class=\"thickbox\" title=\"Provoserende Palme\" href=\"https:\/\/www.larsandersjohansson.se\/texter\/skribent_provserendepalme.htm?keepThis=true&amp;TB_iframe=true&amp;height=450&amp;width=500\">Provoserende Palme<\/a><br \/> Publicerad hos <a onclick=\"window.open(this.href);return false\" href=\"http:\/\/www.minervanett.no\/provoserende-palme\/\">Minerva<\/a> Oktober 2012<\/p>\n<p><a class=\"thickbox\" title=\"Internet under lupp\" href=\"https:\/\/www.larsandersjohansson.se\/texter\/skribent_internetlupp.htm?keepThis=true&amp;TB_iframe=true&amp;height=450&amp;width=500\">Internet under lupp<\/a><br \/> Publicerad hos <a onclick=\"window.open(this.href);return false\" href=\"http:\/\/gd.se\/kultur\/boken\/1.5147795-internet-under-lupp\">Gefle Dagblad<\/a> Oktober 2012<\/p>\n<p><a class=\"thickbox\" title=\"Sveriges Radio sviker musiken\" href=\"https:\/\/www.larsandersjohansson.se\/texter\/skribent_srsviker.htm?keepThis=true&amp;TB_iframe=true&amp;height=450&amp;width=500\">Sveriges Radio sviker musiken<\/a><br \/> Publicerad hos <a onclick=\"window.open(this.href);return false\" href=\"http:\/\/www.newsmill.se\/artikel\/2012\/08\/20\/sveriges-radio-sviker-musiken\">Newsmill<\/a> Augusti 2012<\/p>\n<p><a class=\"thickbox\" title=\"R\u00e4dda kulturen fr\u00e5n det offentligas f\u00f6rlamande hand\" href=\"https:\/\/www.larsandersjohansson.se\/texter\/skribent_kulturenforlamande.htm?keepThis=true&amp;TB_iframe=true&amp;height=450&amp;width=500\">R\u00e4dda kulturen fr\u00e5n det offentligas f\u00f6rlamande hand<\/a><br \/> Publicerad hos <a onclick=\"window.open(this.href);return false\" href=\"http:\/\/www.newsmill.se\/artikel\/2012\/12\/13\/topp-fre-r-dda-kulturen-fr-n-det-offentligas-f-rlamande-hand\">Newsmill<\/a> December 2012<\/p>\n<p><a class=\"thickbox\" title=\"\u201dFew, but roses\u201d\" href=\"https:\/\/www.larsandersjohansson.se\/texter\/skribent_fewbutroses.htm?keepThis=true&amp;TB_iframe=true&amp;height=450&amp;width=500\">\u201dFew, but roses\u201d<\/a><br \/> Publicerad hos <a onclick=\"window.open(this.href);return false\" href=\"http:\/\/www.minervanett.no\/few-but-roses\/\">Minerva<\/a> Januari 2013<\/p>\n<p><a class=\"thickbox\" title=\"Evert Taube som liberal humanist\" href=\"https:\/\/www.larsandersjohansson.se\/texter\/skribent_taubehumanist.htm?keepThis=true&amp;TB_iframe=true&amp;height=450&amp;width=500\">Evert Taube som liberal humanist<\/a><br \/> Publicerad hos <a onclick=\"window.open(this.href);return false\" href=\"http:\/\/www.svensktidskrift.se\/?p=61002\">Svensk Tidskrift<\/a> April 2013<\/p>\n<p><a class=\"thickbox\" title=\"Populism bakom toalettf\u00f6rbudet\" href=\"https:\/\/www.larsandersjohansson.se\/texter\/skribent_populism.htm?keepThis=true&amp;TB_iframe=true&amp;height=450&amp;width=500\">Populism bakom toalettf\u00f6rbudet<\/a><br \/> Publicerad hos <a onclick=\"window.open(this.href);return false\" href=\"http:\/\/www.barometern.se\/ledare\/populism-bakom-toalettforbudet(3190607).gm\">Barometern<\/a> Mars 2012<\/p>\n<p><a class=\"thickbox\" title=\"Det virala mediets makt\" href=\"https:\/\/www.larsandersjohansson.se\/texter\/skribent_viralamediet.htm?keepThis=true&amp;TB_iframe=true&amp;height=450&amp;width=500\">Det virala mediets makt<\/a><br \/> Publicerad hos <a onclick=\"window.open(this.href);return false\" href=\"http:\/\/www.barometern.se\/kronika\/det-virala-mediets-makt(3187697).gm\">Barometern<\/a> Mars 2013<\/p>\n<p><a class=\"thickbox\" title=\"Romantik och upplysning i kulturpolitiken\" href=\"https:\/\/www.larsandersjohansson.se\/texter\/skribent_romantik.htm?keepThis=true&amp;TB_iframe=true&amp;height=450&amp;width=500\">Romantik och upplysning i kulturpolitiken<\/a><br \/> Publicerad hos <a onclick=\"window.open(this.href);return false\" href=\"http:\/\/www.vt.se\/opinion\/kolumn\/?articleid=6202474\">V\u00e4sterviks-Tidning<\/a> December 2011<\/p>\n<p><a class=\"thickbox\" title=\"N\u00e4r det d\u00e5liga samvetet krockar med verkligheten\" href=\"https:\/\/www.larsandersjohansson.se\/texter\/skribent_liberty.htm?keepThis=true&amp;TB_iframe=true&amp;height=450&amp;width=500\">N\u00e4r det d\u00e5liga samvetet krockar med verkligheten<\/a><br \/> Publicerad hos <a onclick=\"window.open(this.href);return false\" href=\"http:\/\/www.svensktidskrift.se\/?p=45725 \">Svensk Tidskrift<\/a> Augusti 2012<\/p>\n<p><a class=\"thickbox\" title=\"Filantropi och klasshat\" href=\"https:\/\/www.larsandersjohansson.se\/texter\/skribent_filantropi.htm?keepThis=true&amp;TB_iframe=true&amp;height=450&amp;width=500\">Filantropi och klasshat<\/a><br \/> Publicerad hos <a onclick=\"window.open(this.href);return false\" href=\"http:\/\/www.vt.se\/opinion\/kolumn\/?articleid=6437867 \">V\u00e4sterviks-Tidning<\/a> Juni 2012<\/p>\n<p><a class=\"thickbox\" title=\"H\u00f6ger och v\u00e4nster i slussfr\u00e5gan\" href=\"https:\/\/www.larsandersjohansson.se\/texter\/skribent_hogervanstersluss.htm?keepThis=true&amp;TB_iframe=true&amp;height=450&amp;width=500\">H\u00f6ger och v\u00e4nster i slussfr\u00e5gan<\/a><br \/> Publicerad hos <a onclick=\"window.open(this.href);return false\" href=\"http:\/\/www.svensktidskrift.se\/?p=40924 \">Svensk Tidskrift<\/a> Januari 2012<\/p>\n<p><a class=\"thickbox\" title=\"Supporterkulturen \u00e4r fotbollens sj\u00e4l\" href=\"https:\/\/www.larsandersjohansson.se\/texter\/skribent_supperkultruren.htm?keepThis=true&amp;TB_iframe=true&amp;height=450&amp;width=500\">Supporterkulturen \u00e4r fotbollens sj\u00e4l<\/a><br \/> Publicerad hos <a onclick=\"window.open(this.href);return false\" href=\"http:\/\/www.barometern.se\/ledare\/supporterkulturen-ar-fotbollens-sjal(2906792).gm \">Barometern<\/a> Augusti 2011<\/p>\n<p><a class=\"thickbox\" title=\"Brist p\u00e5 sj\u00f6vett s\u00e4ger n\u00e5got om samh\u00e4llsklimatet\" href=\"https:\/\/www.larsandersjohansson.se\/texter\/skribent_sjovett.htm?keepThis=true&amp;TB_iframe=true&amp;height=450&amp;width=500\">Brist p\u00e5 sj\u00f6vett s\u00e4ger n\u00e5got om samh\u00e4llsklimatet<\/a><br \/> Publicerad hos <a onclick=\"window.open(this.href);return false\" href=\"http:\/\/www.barometern.se\/ledare\/brist-pa-sjovett-sager-nagot-om-samhallsklimatet%282903629%29.gm \">Barometern<\/a> Augusti 2011<\/p>\n<p><a class=\"thickbox\" title=\"Nyfunkiskitsch f\u00f6r nya borgerskapet\" href=\"https:\/\/www.larsandersjohansson.se\/texter\/skribent_nyfunk.htm?keepThis=true&amp;TB_iframe=true&amp;height=450&amp;width=500\">Nyfunkiskitsch f\u00f6r nya borgerskapet<\/a><br \/> Publicerad hos <a onclick=\"window.open(this.href);return false\" href=\"http:\/\/www.barometern.se\/ledare\/nyfunkiskitsch-for-nya-borgerskapet%282889563%29.gm\">Barometern <\/a> Augisti 2011 <\/p>\n<p><a class=\"thickbox\" title=\"Utbildning utan bildning\" href=\"https:\/\/www.larsandersjohansson.se\/texter\/skribent_utbildning.htm?keepThis=true&amp;TB_iframe=true&amp;height=450&amp;width=500\">Utbildning utan bildning<\/a><br \/> Publicerad hos <a onclick=\"window.open(this.href);return false\" href=\"http:\/\/www.axess.se\">Axess<\/a> <\/p>\n<p> <a class=\"thickbox\" title=\"Att fylla ut kostymen \" href=\"https:\/\/www.larsandersjohansson.se\/texter\/skribent_kostymen.htm?keepThis=true&amp;TB_iframe=true&amp;height=450&amp;width=500\">Att fylla ut kostymen <\/a><br \/> Publicerad hos <a onclick=\"window.open(this.href);return false\" href=\"http:\/\/www.retrogarde.org\">Retrogarde<\/a> <\/p>\n<p> <a class=\"thickbox\" title=\"Drygast vinner?\" href=\"https:\/\/www.larsandersjohansson.se\/texter\/skribent_drygast.htm?keepThis=true&amp;TB_iframe=true&amp;height=450&amp;width=500\">Drygast vinner?<\/a><br \/> Publicerad i <a onclick=\"window.open(this.href);return false\" href=\"http:\/\/www.vt.se\">V\u00e4sterviksTidningen<\/a> <\/p>\n<p> <a class=\"thickbox\" title=\"Tidsbundna tong\u00e5ngar och textens tyngd\" href=\"https:\/\/www.larsandersjohansson.se\/texter\/skribent_tidsbundna.htm?keepThis=true&amp;TB_iframe=true&amp;height=450&amp;width=500\">Tidsbundna tong\u00e5ngar och textens tyngd<\/a><br \/> Publicerad i <a onclick=\"window.open(this.href);return false\" href=\"http:\/\/www.visstaden.se\/\">VisAvisen<\/a> mars 2005<\/p>\n<p> <a class=\"thickbox\" title=\"Tradition och f\u00f6rnyelse - inte fundamentalism eller anpassning\" href=\"https:\/\/www.larsandersjohansson.se\/texter\/skribent_tradition.htm?keepThis=true&amp;TB_iframe=true&amp;height=450&amp;width=500\">Tradition och f\u00f6rnyelse &#8211; inte fundamentalism eller anpassning<\/a><br \/> Publicerad i <a onclick=\"window.open(this.href);return false\" href=\"http:\/\/www.visstaden.se\/\">VisAvisen<\/a> Juli 2005 <\/p>\n<p> <a class=\"thickbox\" title=\"Visan och folkmusiken \u2013 en angel\u00e4gen fr\u00e5ga\" href=\"https:\/\/www.larsandersjohansson.se\/texter\/skribent_visan.htm?keepThis=true&amp;TB_iframe=true&amp;height=450&amp;width=500\">Visan och folkmusiken \u2013 en angel\u00e4gen fr\u00e5ga<\/a><br \/> Publicerad i <a onclick=\"window.open(this.href);return false\" href=\"http:\/\/www.visstaden.se\/\">VisAvisen<\/a> November 2005<\/p>\n","protected":false},"excerpt":{"rendered":"<p>Skribent Den kalla arkitekturen Publicerad hos Axess Magasin 2013 Frihet och framsteg Publicerad hos Svensk Tidskrift November 2012 Provoserende Palme Publicerad hos Minerva Oktober 2012 Internet under lupp Publicerad hos[&#8230;]<\/p>\n","protected":false},"author":1,"featured_media":0,"parent":0,"menu_order":0,"comment_status":"closed","ping_status":"closed","template":"onecolumn-page.php","meta":{"ngg_post_thumbnail":0},"_links":{"self":[{"href":"https:\/\/www.larsandersjohansson.se\/index.php?rest_route=\/wp\/v2\/pages\/25"}],"collection":[{"href":"https:\/\/www.larsandersjohansson.se\/index.php?rest_route=\/wp\/v2\/pages"}],"about":[{"href":"https:\/\/www.larsandersjohansson.se\/index.php?rest_route=\/wp\/v2\/types\/page"}],"author":[{"embeddable":true,"href":"https:\/\/www.larsandersjohansson.se\/index.php?rest_route=\/wp\/v2\/users\/1"}],"replies":[{"embeddable":true,"href":"https:\/\/www.larsandersjohansson.se\/index.php?rest_route=%2Fwp%2Fv2%2Fcomments&post=25"}],"version-history":[{"count":24,"href":"https:\/\/www.larsandersjohansson.se\/index.php?rest_route=\/wp\/v2\/pages\/25\/revisions"}],"predecessor-version":[{"id":3633,"href":"https:\/\/www.larsandersjohansson.se\/index.php?rest_route=\/wp\/v2\/pages\/25\/revisions\/3633"}],"wp:attachment":[{"href":"https:\/\/www.larsandersjohansson.se\/index.php?rest_route=%2Fwp%2Fv2%2Fmedia&parent=25"}],"curies":[{"name":"wp","href":"https:\/\/api.w.org\/{rel}","templated":true}]}}