{"id":4761,"date":"2015-11-28T13:40:21","date_gmt":"2015-11-28T12:40:21","guid":{"rendered":"http:\/\/www.larsandersjohansson.se\/?page_id=4761"},"modified":"2019-12-02T22:33:13","modified_gmt":"2019-12-02T21:33:13","slug":"segelmakaren","status":"publish","type":"page","link":"https:\/\/www.larsandersjohansson.se\/?page_id=4761","title":{"rendered":"Segelmakaren"},"content":{"rendered":"<h1>Segelmakaren: dikter och visor<\/h1>\n<h2>Lars Anders Johansson (Hydra f\u00f6rlag 2013)<\/h2>\n<p><a href=\"https:\/\/www.larsandersjohansson.se\/wordpress\/wp-content\/uploads\/2013\/09\/20130905-105557.jpg\"><img decoding=\"async\" loading=\"lazy\" class=\"alignleft size-medium wp-image-3744\" src=\"https:\/\/www.larsandersjohansson.se\/wordpress\/wp-content\/uploads\/2013\/09\/20130905-105557-200x300.jpg\" alt=\"20130905-105557.jpg\" width=\"200\" height=\"300\" srcset=\"https:\/\/www.larsandersjohansson.se\/wordpress\/wp-content\/uploads\/2013\/09\/20130905-105557-200x300.jpg 200w, https:\/\/www.larsandersjohansson.se\/wordpress\/wp-content\/uploads\/2013\/09\/20130905-105557-684x1024.jpg 684w, https:\/\/www.larsandersjohansson.se\/wordpress\/wp-content\/uploads\/2013\/09\/20130905-105557-334x500.jpg 334w, https:\/\/www.larsandersjohansson.se\/wordpress\/wp-content\/uploads\/2013\/09\/20130905-105557.jpg 734w\" sizes=\"(max-width: 200px) 100vw, 200px\" \/><\/a><\/p>\n<p>&nbsp;<\/p>\n<p>Segelmakaren \u00e4r Lars Anders Johanssons f\u00f6rsta diktsamling och rymmer en brokig skara dikter och s\u00e5ngtexter till synes utan inb\u00f6rdes sammanhang. Det \u00e4r en diktsamling f\u00f6rfattad vid sidan av samtidens dominerande trender snarare \u00e4n i opposition mot dem, d\u00e4r gr\u00e4nsen mellan dikt och s\u00e5ng stundtals \u00e4r h\u00e5rfin.<\/p>\n<p>&nbsp;<\/p>\n<p>K\u00f6p p\u00e5 <a title=\"K\u00f6p p\u00e5 Adlibris\" href=\"http:\/\/www.adlibris.com\/se\/bok\/segelmakaren-dikter-och-visor-9789186185213\">Adlibris<\/a>.<\/p>\n","protected":false},"excerpt":{"rendered":"<p>Segelmakaren: dikter och visor Lars Anders Johansson (Hydra f\u00f6rlag 2013) &nbsp; Segelmakaren \u00e4r Lars Anders Johanssons f\u00f6rsta diktsamling och rymmer en brokig skara dikter och s\u00e5ngtexter till synes utan inb\u00f6rdes[&#8230;]<\/p>\n","protected":false},"author":1,"featured_media":0,"parent":0,"menu_order":0,"comment_status":"closed","ping_status":"closed","template":"","meta":{"ngg_post_thumbnail":0},"_links":{"self":[{"href":"https:\/\/www.larsandersjohansson.se\/index.php?rest_route=\/wp\/v2\/pages\/4761"}],"collection":[{"href":"https:\/\/www.larsandersjohansson.se\/index.php?rest_route=\/wp\/v2\/pages"}],"about":[{"href":"https:\/\/www.larsandersjohansson.se\/index.php?rest_route=\/wp\/v2\/types\/page"}],"author":[{"embeddable":true,"href":"https:\/\/www.larsandersjohansson.se\/index.php?rest_route=\/wp\/v2\/users\/1"}],"replies":[{"embeddable":true,"href":"https:\/\/www.larsandersjohansson.se\/index.php?rest_route=%2Fwp%2Fv2%2Fcomments&post=4761"}],"version-history":[{"count":3,"href":"https:\/\/www.larsandersjohansson.se\/index.php?rest_route=\/wp\/v2\/pages\/4761\/revisions"}],"predecessor-version":[{"id":4807,"href":"https:\/\/www.larsandersjohansson.se\/index.php?rest_route=\/wp\/v2\/pages\/4761\/revisions\/4807"}],"wp:attachment":[{"href":"https:\/\/www.larsandersjohansson.se\/index.php?rest_route=%2Fwp%2Fv2%2Fmedia&parent=4761"}],"curies":[{"name":"wp","href":"https:\/\/api.w.org\/{rel}","templated":true}]}}