{"id":5769,"date":"2019-10-04T07:22:01","date_gmt":"2019-10-04T05:22:01","guid":{"rendered":"http:\/\/www.larsandersjohansson.se\/?page_id=5769"},"modified":"2021-06-21T12:49:35","modified_gmt":"2021-06-21T10:49:35","slug":"poet","status":"publish","type":"page","link":"https:\/\/www.larsandersjohansson.se\/?page_id=5769","title":{"rendered":"Poet"},"content":{"rendered":"\n<p>Lars Anders Johansson \u00e4r lyriker huvudsakligen verksam i bunden form. F\u00f6rsta diktsamlingen <a href=\"https:\/\/www.larsandersjohansson.se\/?page_id=4761\">Segelmakaren<\/a> (Hydra f\u00f6rlag) kom 2013 och den andra diktsamlingen <a href=\"https:\/\/www.larsandersjohansson.se\/?page_id=5300\">Sonetter <\/a>(Bokf\u00f6rlaget Augusti) 2018.<\/p>\n\n\n\n<figure class=\"wp-block-image size-large\"><img decoding=\"async\" loading=\"lazy\" width=\"1024\" height=\"683\" src=\"https:\/\/www.larsandersjohansson.se\/wordpress\/wp-content\/uploads\/2021\/06\/WAH1451-3-1024x683.jpg\" alt=\"\" class=\"wp-image-6314\" srcset=\"https:\/\/www.larsandersjohansson.se\/wordpress\/wp-content\/uploads\/2021\/06\/WAH1451-3-1024x683.jpg 1024w, https:\/\/www.larsandersjohansson.se\/wordpress\/wp-content\/uploads\/2021\/06\/WAH1451-3-300x200.jpg 300w, https:\/\/www.larsandersjohansson.se\/wordpress\/wp-content\/uploads\/2021\/06\/WAH1451-3-768x513.jpg 768w, https:\/\/www.larsandersjohansson.se\/wordpress\/wp-content\/uploads\/2021\/06\/WAH1451-3-1536x1025.jpg 1536w, https:\/\/www.larsandersjohansson.se\/wordpress\/wp-content\/uploads\/2021\/06\/WAH1451-3-2048x1367.jpg 2048w, https:\/\/www.larsandersjohansson.se\/wordpress\/wp-content\/uploads\/2021\/06\/WAH1451-3-840x560.jpg 840w, https:\/\/www.larsandersjohansson.se\/wordpress\/wp-content\/uploads\/2021\/06\/WAH1451-3-120x80.jpg 120w, https:\/\/www.larsandersjohansson.se\/wordpress\/wp-content\/uploads\/2021\/06\/WAH1451-3-360x240.jpg 360w, https:\/\/www.larsandersjohansson.se\/wordpress\/wp-content\/uploads\/2021\/06\/WAH1451-3-600x400.jpg 600w\" sizes=\"(max-width: 1024px) 100vw, 1024px\" \/><figcaption>Foto: Helena Wahlman<\/figcaption><\/figure>\n","protected":false},"excerpt":{"rendered":"<p>Lars Anders Johansson \u00e4r lyriker huvudsakligen verksam i bunden form. F\u00f6rsta diktsamlingen Segelmakaren (Hydra f\u00f6rlag) kom 2013 och den andra diktsamlingen Sonetter (Bokf\u00f6rlaget Augusti) 2018.<\/p>\n","protected":false},"author":1,"featured_media":0,"parent":0,"menu_order":0,"comment_status":"closed","ping_status":"closed","template":"","meta":{"ngg_post_thumbnail":0},"_links":{"self":[{"href":"https:\/\/www.larsandersjohansson.se\/index.php?rest_route=\/wp\/v2\/pages\/5769"}],"collection":[{"href":"https:\/\/www.larsandersjohansson.se\/index.php?rest_route=\/wp\/v2\/pages"}],"about":[{"href":"https:\/\/www.larsandersjohansson.se\/index.php?rest_route=\/wp\/v2\/types\/page"}],"author":[{"embeddable":true,"href":"https:\/\/www.larsandersjohansson.se\/index.php?rest_route=\/wp\/v2\/users\/1"}],"replies":[{"embeddable":true,"href":"https:\/\/www.larsandersjohansson.se\/index.php?rest_route=%2Fwp%2Fv2%2Fcomments&post=5769"}],"version-history":[{"count":2,"href":"https:\/\/www.larsandersjohansson.se\/index.php?rest_route=\/wp\/v2\/pages\/5769\/revisions"}],"predecessor-version":[{"id":6326,"href":"https:\/\/www.larsandersjohansson.se\/index.php?rest_route=\/wp\/v2\/pages\/5769\/revisions\/6326"}],"wp:attachment":[{"href":"https:\/\/www.larsandersjohansson.se\/index.php?rest_route=%2Fwp%2Fv2%2Fmedia&parent=5769"}],"curies":[{"name":"wp","href":"https:\/\/api.w.org\/{rel}","templated":true}]}}

<p>Lars Anders Johansson är lyriker huvudsakligen verksam i bunden form. Första diktsamlingen <a href="https://www.larsandersjohansson.se/?page_id=4761">Segelmakaren</a> (Hydra förlag) kom 2013 och den andra diktsamlingen <a href="https://www.larsandersjohansson.se/?page_id=5300">Sonetter </a>(Bokförlaget Augusti) 2018.</p>



<figure class="wp-block-image size-large"><img decoding="async" loading="lazy" width="1024" height="683" src="https://www.larsandersjohansson.se/wordpress/wp-content/uploads/2021/06/WAH1451-3-1024x683.jpg" alt="" class="wp-image-6314" srcset="https://www.larsandersjohansson.se/wordpress/wp-content/uploads/2021/06/WAH1451-3-1024x683.jpg 1024w, https://www.larsandersjohansson.se/wordpress/wp-content/uploads/2021/06/WAH1451-3-300x200.jpg 300w, https://www.larsandersjohansson.se/wordpress/wp-content/uploads/2021/06/WAH1451-3-768x513.jpg 768w, https://www.larsandersjohansson.se/wordpress/wp-content/uploads/2021/06/WAH1451-3-1536x1025.jpg 1536w, https://www.larsandersjohansson.se/wordpress/wp-content/uploads/2021/06/WAH1451-3-2048x1367.jpg 2048w, https://www.larsandersjohansson.se/wordpress/wp-content/uploads/2021/06/WAH1451-3-840x560.jpg 840w, https://www.larsandersjohansson.se/wordpress/wp-content/uploads/2021/06/WAH1451-3-120x80.jpg 120w, https://www.larsandersjohansson.se/wordpress/wp-content/uploads/2021/06/WAH1451-3-360x240.jpg 360w, https://www.larsandersjohansson.se/wordpress/wp-content/uploads/2021/06/WAH1451-3-600x400.jpg 600w" sizes="(max-width: 1024px) 100vw, 1024px" /><figcaption>Foto: Helena Wahlman</figcaption></figure>

<p>Lars Anders Johansson är lyriker huvudsakligen verksam i bunden form. Första diktsamlingen Segelmakaren (Hydra förlag) kom 2013 och den andra diktsamlingen Sonetter (Bokförlaget Augusti) 2018.</p>
