{"id":5926,"date":"2019-12-10T13:14:12","date_gmt":"2019-12-10T12:14:12","guid":{"rendered":"http:\/\/www.larsandersjohansson.se\/?page_id=5926"},"modified":"2019-12-12T09:45:04","modified_gmt":"2019-12-12T08:45:04","slug":"forelasare-och-moderator","status":"publish","type":"page","link":"https:\/\/www.larsandersjohansson.se\/?page_id=5926","title":{"rendered":"F\u00f6rel\u00e4sare och moderator"},"content":{"rendered":"\n<p><strong>F\u00f6rel\u00e4sare och\nmoderator<\/strong><\/p>\n\n\n\n<p>Lars Anders Johansson \u00e4r en uppskattad f\u00f6rel\u00e4sare och moderator. Han f\u00f6rel\u00e4ser om svensk kulturpolitik ur ett id\u00e9historiskt perspektiv, om bildning och bildningsideal, stadsbyggnadsfr\u00e5gor och om de politiska ideologierna liberalism och konservatism. Han \u00e4r ocks\u00e5 en uppskattad konferencier och moderator.<\/p>\n\n\n\n<p><strong>Moderator<\/strong><\/p>\n\n\n\n<p>Arrangerar du en konferens eller ett seminarium och beh\u00f6ver\nen trygg och erfaren konferencier eller moderator som h\u00e5ller i tr\u00e5darna? Lars\nAnders Johansson f\u00e5r panelsamtalet, debatten eller utfr\u00e5gningen att flyta p\u00e5,\nh\u00e5ller tidsramarna och st\u00e4ller de relevanta fr\u00e5gorna. <\/p>\n\n\n\n<p>Skicka en bokningsf\u00f6rfr\u00e5gan till <a href=\"mailto: lars@larsandersjohansson.se\">lars@larsandersjohansson.se<\/a><\/p>\n\n\n\n<figure class=\"wp-block-image\"><img decoding=\"async\" loading=\"lazy\" width=\"1024\" height=\"1024\" src=\"https:\/\/www.larsandersjohansson.se\/wordpress\/wp-content\/uploads\/2019\/12\/495C714F-2F92-4D85-BA63-BC58ECDB0882-1024x1024.jpeg\" alt=\"\" class=\"wp-image-5938\" srcset=\"https:\/\/www.larsandersjohansson.se\/wordpress\/wp-content\/uploads\/2019\/12\/495C714F-2F92-4D85-BA63-BC58ECDB0882-1024x1024.jpeg 1024w, https:\/\/www.larsandersjohansson.se\/wordpress\/wp-content\/uploads\/2019\/12\/495C714F-2F92-4D85-BA63-BC58ECDB0882-150x150.jpeg 150w, https:\/\/www.larsandersjohansson.se\/wordpress\/wp-content\/uploads\/2019\/12\/495C714F-2F92-4D85-BA63-BC58ECDB0882-300x300.jpeg 300w, https:\/\/www.larsandersjohansson.se\/wordpress\/wp-content\/uploads\/2019\/12\/495C714F-2F92-4D85-BA63-BC58ECDB0882-768x768.jpeg 768w, https:\/\/www.larsandersjohansson.se\/wordpress\/wp-content\/uploads\/2019\/12\/495C714F-2F92-4D85-BA63-BC58ECDB0882-144x144.jpeg 144w, https:\/\/www.larsandersjohansson.se\/wordpress\/wp-content\/uploads\/2019\/12\/495C714F-2F92-4D85-BA63-BC58ECDB0882-450x450.jpeg 450w, https:\/\/www.larsandersjohansson.se\/wordpress\/wp-content\/uploads\/2019\/12\/495C714F-2F92-4D85-BA63-BC58ECDB0882-600x600.jpeg 600w, https:\/\/www.larsandersjohansson.se\/wordpress\/wp-content\/uploads\/2019\/12\/495C714F-2F92-4D85-BA63-BC58ECDB0882.jpeg 1440w\" sizes=\"(max-width: 1024px) 100vw, 1024px\" \/><\/figure>\n\n\n\n<p>Exempel p\u00e5 f\u00f6redrag:<\/p>\n\n\n\n<p><strong>Den svenska\nkulturpolitikens historia<\/strong><\/p>\n\n\n\n<p>En kronologisk genomg\u00e5ng av den svenska kulturpolitikens\nframv\u00e4xt, fr\u00e5n dess f\u00f6rhistoria under Gustav III, via 1800-talets borgerliga\ninstitutioner, och 1930-talets konstn\u00e4rspolitik till 1974 \u00e5rs stora\nkulturpolitiska reform, \u00e4nda fram till dagens debatter om museer, bibliotek och\nidentitetspolitik.<\/p>\n\n\n\n<p><strong>Nycklar till\nkulturpolitiken<\/strong><\/p>\n\n\n\n<p>Hur ska man f\u00f6rst\u00e5 kulturpolitik? Detta f\u00f6redrag fokuserar\np\u00e5 de teoretiska begrepp som ligger till grund f\u00f6r f\u00f6rst\u00e5else av kulturpolitik.\nUtifr\u00e5n olika idealtyper benas kulturpolitikens m\u00e5l, syften och inriktningar\nut.<\/p>\n\n\n\n<p><strong>Vad \u00e4r bildning och\nvad ska det vara bra f\u00f6r?<\/strong><\/p>\n\n\n\n<p>Det talas ofta om v\u00e4rdet av bildning, men f\u00e5 tycks kunna\ndefiniera vad de menar. Vad \u00e4r bildning, var kommer den ifr\u00e5n och vilken\nrelevans har den i dag? Vi f\u00e5r f\u00f6lja bildningsidealets framv\u00e4xt och historia,\nliksom den kritik som ofta riktats mot bildningen. Har bildningen spelat ut sin\nroll eller \u00e4r den tv\u00e4rtom aktuellare \u00e4n n\u00e5gonsin?<\/p>\n\n\n\n<p><strong>Bildning som metod<\/strong><\/p>\n\n\n\n<p>Vad \u00e4r skillnaden mellan information, kunskap och bildning?\nHur kan det klassiska bildningsidealet hj\u00e4lpa oss i dag? Bildning \u00e4r b\u00e5de ett\nideal och en metod f\u00f6r kunskapsinh\u00e4mtning. Med bildningen som m\u00e5ttstock kan vi\norientera oss i dagens allt snabbare informationsfl\u00f6den, sortera sant fr\u00e5n\nosant och relevant fr\u00e5n oviktigt.<\/p>\n\n\n\n<p><strong>Liberalism och\nkonservatism \u2013 motsatspar eller f\u00f6ljeslagare?<\/strong><\/p>\n\n\n\n<p>Somliga p\u00e5st\u00e5r att liberalism och konservatism inte g\u00e5r att\nf\u00f6rena. En tillbakablick p\u00e5 den politiska id\u00e9historien ger en mer komplicerad\nbild. Liberalismens och konservatismens tanketraditioner \u00f6verlappar och korsas\nst\u00e4ndigt. Det finns sk\u00e4l att tala om flera liberalismer och konservatismer.<\/p>\n\n\n\n<p><strong>Konservatism som\nradikalismens motpol<\/strong><\/p>\n\n\n\n<p>Konservatismen \u00e4r st\u00e4ndigt utsk\u00e4lld och missf\u00f6rst\u00e5dd. Vad \u00e4r\negentligen konservatism? Vilka skolor finns och vad \u00e4r dess relevans i dag?<\/p>\n\n\n\n<p><strong>Stadsplaneringens\nproblem och myten om f\u00f6rt\u00e4tning<\/strong><\/p>\n\n\n\n<p>Varf\u00f6r m\u00f6ter m\u00e5nga av dagens exploateringsprojekt s\u00e5 mycket\nmotst\u00e5nd bland de boende? Skulle det g\u00e5 att slippa yimbys och nej-s\u00e4gare genom\natt bygga annorlunda? Vi vet i dag vilken typ av stadsmilj\u00f6er som m\u00e4nniskor\nuppskattar och efterfr\u00e5gar. Vad \u00e4r det som hindrar att s\u00e5dant byggs i dag?\nDetta f\u00f6redrag g\u00e5r till botten med stadsplaneringens problem och m\u00f6jligheter.<\/p>\n\n\n\n<figure class=\"wp-block-image\"><img decoding=\"async\" loading=\"lazy\" width=\"640\" height=\"960\" src=\"https:\/\/www.larsandersjohansson.se\/wordpress\/wp-content\/uploads\/2014\/06\/talare.jpg\" alt=\"\" class=\"wp-image-4221\" srcset=\"https:\/\/www.larsandersjohansson.se\/wordpress\/wp-content\/uploads\/2014\/06\/talare.jpg 640w, https:\/\/www.larsandersjohansson.se\/wordpress\/wp-content\/uploads\/2014\/06\/talare-200x300.jpg 200w, https:\/\/www.larsandersjohansson.se\/wordpress\/wp-content\/uploads\/2014\/06\/talare-333x500.jpg 333w\" sizes=\"(max-width: 640px) 100vw, 640px\" \/><\/figure>\n","protected":false},"excerpt":{"rendered":"<p>F\u00f6rel\u00e4sare och moderator Lars Anders Johansson \u00e4r en uppskattad f\u00f6rel\u00e4sare och moderator. Han f\u00f6rel\u00e4ser om svensk kulturpolitik ur ett id\u00e9historiskt perspektiv, om bildning och bildningsideal, stadsbyggnadsfr\u00e5gor och om de politiska[&#8230;]<\/p>\n","protected":false},"author":1,"featured_media":5684,"parent":0,"menu_order":0,"comment_status":"closed","ping_status":"closed","template":"","meta":{"ngg_post_thumbnail":0},"_links":{"self":[{"href":"https:\/\/www.larsandersjohansson.se\/index.php?rest_route=\/wp\/v2\/pages\/5926"}],"collection":[{"href":"https:\/\/www.larsandersjohansson.se\/index.php?rest_route=\/wp\/v2\/pages"}],"about":[{"href":"https:\/\/www.larsandersjohansson.se\/index.php?rest_route=\/wp\/v2\/types\/page"}],"author":[{"embeddable":true,"href":"https:\/\/www.larsandersjohansson.se\/index.php?rest_route=\/wp\/v2\/users\/1"}],"replies":[{"embeddable":true,"href":"https:\/\/www.larsandersjohansson.se\/index.php?rest_route=%2Fwp%2Fv2%2Fcomments&post=5926"}],"version-history":[{"count":4,"href":"https:\/\/www.larsandersjohansson.se\/index.php?rest_route=\/wp\/v2\/pages\/5926\/revisions"}],"predecessor-version":[{"id":5942,"href":"https:\/\/www.larsandersjohansson.se\/index.php?rest_route=\/wp\/v2\/pages\/5926\/revisions\/5942"}],"wp:featuredmedia":[{"embeddable":true,"href":"https:\/\/www.larsandersjohansson.se\/index.php?rest_route=\/wp\/v2\/media\/5684"}],"wp:attachment":[{"href":"https:\/\/www.larsandersjohansson.se\/index.php?rest_route=%2Fwp%2Fv2%2Fmedia&parent=5926"}],"curies":[{"name":"wp","href":"https:\/\/api.w.org\/{rel}","templated":true}]}}